{"id":175,"date":"2023-03-21T09:07:42","date_gmt":"2023-03-21T09:07:42","guid":{"rendered":"http:\/\/localhost\/mrittik\/?page_id=175"},"modified":"2024-09-11T01:52:29","modified_gmt":"2024-09-11T01:52:29","slug":"erp-agua","status":"publish","type":"page","link":"https:\/\/pruebasindigo86.xyz\/alitec\/erp-agua\/","title":{"rendered":"ERP + Agua"},"content":{"rendered":"\t\t<div data-elementor-type=\"wp-page\" data-elementor-id=\"175\" class=\"elementor elementor-175\" data-elementor-post-type=\"page\">\n\t\t\t\t        <section class=\"elementor-section elementor-top-section elementor-element elementor-element-d481eaf elementor-section-full_width elementor-section-height-default elementor-section-height-default pxl-section-offset-none pxl-row-scroll-none pxl-show-grid-none pxl-section-bg-none pxl-section-grid-bg-false\" data-id=\"d481eaf\" data-element_type=\"section\">\n\n                \n                <div class=\"elementor-container elementor-column-gap-default \">\n                <div class=\"elementor-column elementor-col-100 elementor-top-column elementor-element elementor-element-d757b70 pxl-column-none\" data-id=\"d757b70\" data-element_type=\"column\">\r\n        <div class=\"elementor-widget-wrap elementor-element-populated\">\r\n                     \r\n        \t\t<div class=\"elementor-element elementor-element-0823c8c elementor-hidden-mobile elementor-widget elementor-widget-pxl_slider_carousel\" data-id=\"0823c8c\" data-element_type=\"widget\" data-widget_type=\"pxl_slider_carousel.default\">\n\t\t\t\t<div class=\"elementor-widget-container\">\n\t\t\t<div class=\"pxl-swiper-sliders pxl-slider-carousel pxl-slider-carousel5 pxl-parent-transition pxl-parent-cursor pxl-swiper-arrow-show pxl-show-arrow\" data-view-auto=\"3\">\n    <div class=\"pxl-carousel-inner\">\n        <div class=\"pxl-swiper-container pxl-carousel-above wow fadeInRight\" data-wow-delay=\"600ms\" data-wow-duration=\"1.2s\" dir=\"ltr\" data-settings=\"{&quot;slide_direction&quot;:&quot;horizontal&quot;,&quot;slide_percolumn&quot;:&quot;1&quot;,&quot;slide_mode&quot;:&quot;slide&quot;,&quot;slides_to_show&quot;:&quot;3&quot;,&quot;slides_to_show_xxl&quot;:&quot;3&quot;,&quot;slides_to_show_lg&quot;:&quot;3&quot;,&quot;slides_to_show_md&quot;:&quot;3&quot;,&quot;slides_to_show_sm&quot;:&quot;3&quot;,&quot;slides_to_show_xs&quot;:&quot;1&quot;,&quot;slides_to_scroll&quot;:&quot;1&quot;,&quot;arrow&quot;:&quot;true&quot;,&quot;pagination&quot;:&quot;true&quot;,&quot;pagination_type&quot;:&quot;bullets&quot;,&quot;autoplay&quot;:&quot;&quot;,&quot;pause_on_hover&quot;:&quot;&quot;,&quot;pause_on_interaction&quot;:&quot;true&quot;,&quot;mousewheel&quot;:&quot;false&quot;,&quot;delay&quot;:6000,&quot;loop&quot;:&quot;false&quot;,&quot;center&quot;:&quot;false&quot;,&quot;speed&quot;:1600}\">\n            <div class=\"pxl-swiper-wrapper\">\n                                    <div class=\"pxl-swiper-slide\">\n                        <div class=\"pxl-item--inner \" data-wow-delay=\"ms\" data-wow-duration=\"1.2s\">\n                            <a href=\"https:\/\/pruebasindigo86.xyz\/alitec\/service\/produccion\/\">                                <img fetchpriority=\"high\" decoding=\"async\" class=\"no-lazyload \" src=\"https:\/\/pruebasindigo86.xyz\/alitec\/wp-content\/uploads\/2024\/07\/A-Produ-283x181.png\" width=\"283\" height=\"181\" alt=\"A Produ\" title=\"A Produ\" \/>                            <\/a>                       <\/div>\n                    <\/div>\n                                    <div class=\"pxl-swiper-slide\">\n                        <div class=\"pxl-item--inner \" data-wow-delay=\"ms\" data-wow-duration=\"1.2s\">\n                            <a href=\"https:\/\/pruebasindigo86.xyz\/alitec\/service\/planeacionycontrol\/\">                                <img decoding=\"async\" class=\"no-lazyload \" src=\"https:\/\/pruebasindigo86.xyz\/alitec\/wp-content\/uploads\/2024\/07\/A-Planeacion-283x181.png\" width=\"283\" height=\"181\" alt=\"A Planeacion\" title=\"A Planeacion\" \/>                            <\/a>                       <\/div>\n                    <\/div>\n                                    <div class=\"pxl-swiper-slide\">\n                        <div class=\"pxl-item--inner \" data-wow-delay=\"ms\" data-wow-duration=\"1.2s\">\n                            <a href=\"https:\/\/pruebasindigo86.xyz\/alitec\/service\/construccion\/\">                                <img decoding=\"async\" class=\"no-lazyload \" src=\"https:\/\/pruebasindigo86.xyz\/alitec\/wp-content\/uploads\/2024\/07\/A-Constru-283x181.png\" width=\"283\" height=\"181\" alt=\"A Constru\" title=\"A Constru\" \/>                            <\/a>                       <\/div>\n                    <\/div>\n                            <\/div>\n        <\/div>\n        <div class=\"pxl-swiper-content\">\n            <div class=\"pxl-item--content\">\n                                    <h2 class=\"pxl-item--title el-empty pxl-transtion\">EL FUTURO DE LA GESTI\u00d3N DEL AGUA POTABLE EN M\u00c9XICO<\/h2>\n                                <div class=\"pxl-item--link\">\n                                            <span class=\"pxl-item--subtitle pxl-transtion\">El ERP + Agua es una plataforma integral que centraliza y optimiza las operaciones de organismos de agua, mejorando la eficiencia, reduciendo errores, y facilitando la gesti\u00f3n remota y decisiones informadas con m\u00f3dulos interconectados y accesibilidad m\u00f3vil. \u2014<\/span>\n                                        <a class=\"item--button\" href=\"#\">                    <span class=\"btn-text\">\n                        HAZ CLIC AQU\u00cd                    <\/span>\n                    <\/a>                <\/div>\n            <\/div>\n        <\/div>\n        <div class=\"pxl-swiper-container pxl-carousel-below wow fadeInLeft\" data-wow-delay=\"600ms\" data-wow-duration=\"1.2s\" dir=\"ltr\" data-settings=\"{&quot;slide_direction&quot;:&quot;horizontal&quot;,&quot;slide_percolumn&quot;:&quot;1&quot;,&quot;slide_mode&quot;:&quot;slide&quot;,&quot;slides_to_show&quot;:&quot;3&quot;,&quot;slides_to_show_xxl&quot;:&quot;3&quot;,&quot;slides_to_show_lg&quot;:&quot;3&quot;,&quot;slides_to_show_md&quot;:&quot;3&quot;,&quot;slides_to_show_sm&quot;:&quot;3&quot;,&quot;slides_to_show_xs&quot;:&quot;1&quot;,&quot;slides_to_scroll&quot;:&quot;1&quot;,&quot;arrow&quot;:&quot;true&quot;,&quot;pagination&quot;:&quot;true&quot;,&quot;pagination_type&quot;:&quot;bullets&quot;,&quot;autoplay&quot;:&quot;&quot;,&quot;pause_on_hover&quot;:&quot;&quot;,&quot;pause_on_interaction&quot;:&quot;true&quot;,&quot;mousewheel&quot;:&quot;false&quot;,&quot;delay&quot;:6000,&quot;loop&quot;:&quot;false&quot;,&quot;center&quot;:&quot;false&quot;,&quot;speed&quot;:1600}\">\n            <div class=\"pxl-swiper-wrapper\">\n                                    <div class=\"pxl-swiper-slide\">\n                        <div class=\"pxl-item--inner \" data-wow-delay=\"ms\" data-wow-duration=\"1.2s\">\n                            <a href=\"https:\/\/pruebasindigo86.xyz\/alitec\/service\/comercial\/\">                                <img loading=\"lazy\" decoding=\"async\" class=\"no-lazyload \" src=\"https:\/\/pruebasindigo86.xyz\/alitec\/wp-content\/uploads\/2024\/07\/A-Comer-283x181.png\" width=\"283\" height=\"181\" alt=\"A Comer\" title=\"A Comer\" \/>                            <\/a>                       <\/div>\n                    <\/div>\n                                    <div class=\"pxl-swiper-slide\">\n                        <div class=\"pxl-item--inner \" data-wow-delay=\"ms\" data-wow-duration=\"1.2s\">\n                                                                                                               <\/div>\n                    <\/div>\n                                    <div class=\"pxl-swiper-slide\">\n                        <div class=\"pxl-item--inner \" data-wow-delay=\"ms\" data-wow-duration=\"1.2s\">\n                            <a href=\"https:\/\/pruebasindigo86.xyz\/alitec\/service\/administrativo\/\">                                <img loading=\"lazy\" decoding=\"async\" class=\"no-lazyload \" src=\"https:\/\/pruebasindigo86.xyz\/alitec\/wp-content\/uploads\/2024\/07\/A-Admin-283x181.png\" width=\"283\" height=\"181\" alt=\"A Admin\" title=\"A Admin\" \/>                            <\/a>                       <\/div>\n                    <\/div>\n                            <\/div>\n        <\/div>\n                    <div class=\"wp-arrow style2\" data-cursor=\"-hidden\">\n                                    <div class=\"pxl-swiper-arrow pxl-swiper-arrow-prev\">\n                        <span class=\"line\"><\/span>\n                        <span class=\"circle\"><\/span>\n                        <span class=\"dot\"><\/span>\n                    <\/div>\n                    <div class=\"pxl-swiper-arrow pxl-swiper-arrow-next\">\n                        <span class=\"line\"><\/span>\n                        <span class=\"circle\"><\/span>\n                        <span class=\"dot\"><\/span>\n                    <\/div>\n                            <\/div>\n                            <div class=\"pxl-swiper-dots\"><\/div>\n            <\/div>\n<\/div>\n\t\t<\/div>\n\t\t\t\t<\/div>\n\t\t            <\/div>\r\n        <\/div>\r\n        \t\t\t<\/div>\n\t\t<\/section>\n\t\t        <section class=\"elementor-section elementor-top-section elementor-element elementor-element-44d77b6 elementor-section-full_width elementor-hidden-widescreen elementor-hidden-desktop elementor-hidden-tablet elementor-section-height-default elementor-section-height-default pxl-section-offset-none pxl-row-scroll-none pxl-show-grid-none pxl-section-bg-none pxl-section-grid-bg-false\" data-id=\"44d77b6\" data-element_type=\"section\">\n\n                \n                <div class=\"elementor-container elementor-column-gap-default \">\n                <div class=\"elementor-column elementor-col-100 elementor-top-column elementor-element elementor-element-a079201 pxl-column-none\" data-id=\"a079201\" data-element_type=\"column\">\r\n        <div class=\"elementor-widget-wrap elementor-element-populated\">\r\n                     \r\n        \t\t<div class=\"elementor-element elementor-element-cf47f58 elementor-widget elementor-widget-heading\" data-id=\"cf47f58\" data-element_type=\"widget\" data-widget_type=\"heading.default\">\n\t\t\t\t<div class=\"elementor-widget-container\">\n\t\t\t<style>\/*! elementor - v3.22.0 - 26-06-2024 *\/\n.elementor-heading-title{padding:0;margin:0;line-height:1}.elementor-widget-heading .elementor-heading-title[class*=elementor-size-]>a{color:inherit;font-size:inherit;line-height:inherit}.elementor-widget-heading .elementor-heading-title.elementor-size-small{font-size:15px}.elementor-widget-heading .elementor-heading-title.elementor-size-medium{font-size:19px}.elementor-widget-heading .elementor-heading-title.elementor-size-large{font-size:29px}.elementor-widget-heading .elementor-heading-title.elementor-size-xl{font-size:39px}.elementor-widget-heading .elementor-heading-title.elementor-size-xxl{font-size:59px}<\/style><h3 class=\"elementor-heading-title elementor-size-default\">EL FUTURO DE LA GESTI\u00d3N DEL AGUA POTABLE EN M\u00c9XICO<\/h3>\t\t<\/div>\n\t\t\t\t<\/div>\n\t\t\t\t<div class=\"elementor-element elementor-element-cdc2a40 elementor-widget elementor-widget-text-editor\" data-id=\"cdc2a40\" data-element_type=\"widget\" data-widget_type=\"text-editor.default\">\n\t\t\t\t<div class=\"elementor-widget-container\">\n\t\t\t<style>\/*! elementor - v3.22.0 - 26-06-2024 *\/\n.elementor-widget-text-editor.elementor-drop-cap-view-stacked .elementor-drop-cap{background-color:#69727d;color:#fff}.elementor-widget-text-editor.elementor-drop-cap-view-framed .elementor-drop-cap{color:#69727d;border:3px solid;background-color:transparent}.elementor-widget-text-editor:not(.elementor-drop-cap-view-default) .elementor-drop-cap{margin-top:8px}.elementor-widget-text-editor:not(.elementor-drop-cap-view-default) .elementor-drop-cap-letter{width:1em;height:1em}.elementor-widget-text-editor .elementor-drop-cap{float:left;text-align:center;line-height:1;font-size:50px}.elementor-widget-text-editor .elementor-drop-cap-letter{display:inline-block}<\/style>\t\t\t\t<p>El ERP + Agua es una plataforma integral que centraliza y optimiza las operaciones de organismos de agua, mejorando la eficiencia, reduciendo errores, y facilitando la gesti\u00f3n remota y decisiones informadas con m\u00f3dulos interconectados y accesibilidad m\u00f3vil.<\/p>\t\t\t\t\t\t<\/div>\n\t\t\t\t<\/div>\n\t\t\t\t<div class=\"elementor-element elementor-element-984b186 elementor-hidden-widescreen elementor-hidden-desktop e-transform elementor-widget elementor-widget-image\" data-id=\"984b186\" data-element_type=\"widget\" data-settings=\"{&quot;_animation_mobile&quot;:&quot;fadeInDown&quot;,&quot;_transform_scale_effect_hover_mobile&quot;:{&quot;unit&quot;:&quot;px&quot;,&quot;size&quot;:1.1,&quot;sizes&quot;:[]},&quot;_transform_scale_effect_hover&quot;:{&quot;unit&quot;:&quot;px&quot;,&quot;size&quot;:&quot;&quot;,&quot;sizes&quot;:[]},&quot;_transform_scale_effect_hover_widescreen&quot;:{&quot;unit&quot;:&quot;px&quot;,&quot;size&quot;:&quot;&quot;,&quot;sizes&quot;:[]},&quot;_transform_scale_effect_hover_tablet&quot;:{&quot;unit&quot;:&quot;px&quot;,&quot;size&quot;:&quot;&quot;,&quot;sizes&quot;:[]}}\" data-widget_type=\"image.default\">\n\t\t\t\t<div class=\"elementor-widget-container\">\n\t\t\t<style>\/*! elementor - v3.22.0 - 26-06-2024 *\/\n.elementor-widget-image{text-align:center}.elementor-widget-image a{display:inline-block}.elementor-widget-image a img[src$=\".svg\"]{width:48px}.elementor-widget-image img{vertical-align:middle;display:inline-block}<\/style>\t\t\t\t\t\t\t\t\t\t\t<a href=\"https:\/\/pruebasindigo86.xyz\/alitec\/service\/produccion\/\">\n\t\t\t\t\t\t\t<img loading=\"lazy\" decoding=\"async\" width=\"862\" height=\"546\" src=\"https:\/\/pruebasindigo86.xyz\/alitec\/wp-content\/uploads\/2024\/07\/A-Produ.png\" class=\"attachment-large size-large wp-image-9398\" alt=\"\" srcset=\"https:\/\/pruebasindigo86.xyz\/alitec\/wp-content\/uploads\/2024\/07\/A-Produ.png 862w, https:\/\/pruebasindigo86.xyz\/alitec\/wp-content\/uploads\/2024\/07\/A-Produ-300x190.png 300w, https:\/\/pruebasindigo86.xyz\/alitec\/wp-content\/uploads\/2024\/07\/A-Produ-768x486.png 768w\" sizes=\"(max-width: 862px) 100vw, 862px\" \/>\t\t\t\t\t\t\t\t<\/a>\n\t\t\t\t\t\t\t\t\t\t\t\t\t<\/div>\n\t\t\t\t<\/div>\n\t\t\t\t<div class=\"elementor-element elementor-element-25e8349 elementor-hidden-widescreen elementor-hidden-desktop e-transform elementor-widget elementor-widget-image\" data-id=\"25e8349\" data-element_type=\"widget\" data-settings=\"{&quot;_animation_mobile&quot;:&quot;fadeInDown&quot;,&quot;_transform_scale_effect_hover_mobile&quot;:{&quot;unit&quot;:&quot;px&quot;,&quot;size&quot;:1.1,&quot;sizes&quot;:[]},&quot;_transform_scale_effect_hover&quot;:{&quot;unit&quot;:&quot;px&quot;,&quot;size&quot;:&quot;&quot;,&quot;sizes&quot;:[]},&quot;_transform_scale_effect_hover_widescreen&quot;:{&quot;unit&quot;:&quot;px&quot;,&quot;size&quot;:&quot;&quot;,&quot;sizes&quot;:[]},&quot;_transform_scale_effect_hover_tablet&quot;:{&quot;unit&quot;:&quot;px&quot;,&quot;size&quot;:&quot;&quot;,&quot;sizes&quot;:[]}}\" data-widget_type=\"image.default\">\n\t\t\t\t<div class=\"elementor-widget-container\">\n\t\t\t\t\t\t\t\t\t\t\t\t\t\t<a href=\"https:\/\/pruebasindigo86.xyz\/alitec\/service\/planeacionycontrol\/\">\n\t\t\t\t\t\t\t<img loading=\"lazy\" decoding=\"async\" width=\"862\" height=\"546\" src=\"https:\/\/pruebasindigo86.xyz\/alitec\/wp-content\/uploads\/2024\/07\/A-Planeacion.png\" class=\"attachment-large size-large wp-image-9397\" alt=\"\" srcset=\"https:\/\/pruebasindigo86.xyz\/alitec\/wp-content\/uploads\/2024\/07\/A-Planeacion.png 862w, https:\/\/pruebasindigo86.xyz\/alitec\/wp-content\/uploads\/2024\/07\/A-Planeacion-300x190.png 300w, https:\/\/pruebasindigo86.xyz\/alitec\/wp-content\/uploads\/2024\/07\/A-Planeacion-768x486.png 768w\" sizes=\"(max-width: 862px) 100vw, 862px\" \/>\t\t\t\t\t\t\t\t<\/a>\n\t\t\t\t\t\t\t\t\t\t\t\t\t<\/div>\n\t\t\t\t<\/div>\n\t\t\t\t<div class=\"elementor-element elementor-element-fb32697 elementor-hidden-widescreen elementor-hidden-desktop e-transform elementor-widget elementor-widget-image\" data-id=\"fb32697\" data-element_type=\"widget\" data-settings=\"{&quot;_animation_mobile&quot;:&quot;fadeInDown&quot;,&quot;_transform_scale_effect_hover_mobile&quot;:{&quot;unit&quot;:&quot;px&quot;,&quot;size&quot;:1.1,&quot;sizes&quot;:[]},&quot;_transform_scale_effect_hover&quot;:{&quot;unit&quot;:&quot;px&quot;,&quot;size&quot;:&quot;&quot;,&quot;sizes&quot;:[]},&quot;_transform_scale_effect_hover_widescreen&quot;:{&quot;unit&quot;:&quot;px&quot;,&quot;size&quot;:&quot;&quot;,&quot;sizes&quot;:[]},&quot;_transform_scale_effect_hover_tablet&quot;:{&quot;unit&quot;:&quot;px&quot;,&quot;size&quot;:&quot;&quot;,&quot;sizes&quot;:[]}}\" data-widget_type=\"image.default\">\n\t\t\t\t<div class=\"elementor-widget-container\">\n\t\t\t\t\t\t\t\t\t\t\t\t\t\t<a href=\"https:\/\/pruebasindigo86.xyz\/alitec\/service\/construccion\/\">\n\t\t\t\t\t\t\t<img loading=\"lazy\" decoding=\"async\" width=\"862\" height=\"546\" src=\"https:\/\/pruebasindigo86.xyz\/alitec\/wp-content\/uploads\/2024\/07\/A-Constru.png\" class=\"elementor-animation-pulse attachment-large size-large wp-image-9396\" alt=\"\" srcset=\"https:\/\/pruebasindigo86.xyz\/alitec\/wp-content\/uploads\/2024\/07\/A-Constru.png 862w, https:\/\/pruebasindigo86.xyz\/alitec\/wp-content\/uploads\/2024\/07\/A-Constru-300x190.png 300w, https:\/\/pruebasindigo86.xyz\/alitec\/wp-content\/uploads\/2024\/07\/A-Constru-768x486.png 768w\" sizes=\"(max-width: 862px) 100vw, 862px\" \/>\t\t\t\t\t\t\t\t<\/a>\n\t\t\t\t\t\t\t\t\t\t\t\t\t<\/div>\n\t\t\t\t<\/div>\n\t\t\t\t<div class=\"elementor-element elementor-element-e78dba4 elementor-hidden-widescreen elementor-hidden-desktop e-transform elementor-widget elementor-widget-image\" data-id=\"e78dba4\" data-element_type=\"widget\" data-settings=\"{&quot;_animation_mobile&quot;:&quot;fadeInDown&quot;,&quot;_transform_scale_effect_hover_mobile&quot;:{&quot;unit&quot;:&quot;px&quot;,&quot;size&quot;:1.1,&quot;sizes&quot;:[]},&quot;_transform_scale_effect_hover&quot;:{&quot;unit&quot;:&quot;px&quot;,&quot;size&quot;:&quot;&quot;,&quot;sizes&quot;:[]},&quot;_transform_scale_effect_hover_widescreen&quot;:{&quot;unit&quot;:&quot;px&quot;,&quot;size&quot;:&quot;&quot;,&quot;sizes&quot;:[]},&quot;_transform_scale_effect_hover_tablet&quot;:{&quot;unit&quot;:&quot;px&quot;,&quot;size&quot;:&quot;&quot;,&quot;sizes&quot;:[]}}\" data-widget_type=\"image.default\">\n\t\t\t\t<div class=\"elementor-widget-container\">\n\t\t\t\t\t\t\t\t\t\t\t\t\t\t<a href=\"https:\/\/pruebasindigo86.xyz\/alitec\/service\/comercial\/\">\n\t\t\t\t\t\t\t<img loading=\"lazy\" decoding=\"async\" width=\"862\" height=\"546\" src=\"https:\/\/pruebasindigo86.xyz\/alitec\/wp-content\/uploads\/2024\/07\/A-Comer.png\" class=\"attachment-large size-large wp-image-9395\" alt=\"\" srcset=\"https:\/\/pruebasindigo86.xyz\/alitec\/wp-content\/uploads\/2024\/07\/A-Comer.png 862w, https:\/\/pruebasindigo86.xyz\/alitec\/wp-content\/uploads\/2024\/07\/A-Comer-300x190.png 300w, https:\/\/pruebasindigo86.xyz\/alitec\/wp-content\/uploads\/2024\/07\/A-Comer-768x486.png 768w\" sizes=\"(max-width: 862px) 100vw, 862px\" \/>\t\t\t\t\t\t\t\t<\/a>\n\t\t\t\t\t\t\t\t\t\t\t\t\t<\/div>\n\t\t\t\t<\/div>\n\t\t\t\t<div class=\"elementor-element elementor-element-7c25c84 elementor-hidden-widescreen elementor-hidden-desktop e-transform elementor-widget elementor-widget-image\" data-id=\"7c25c84\" data-element_type=\"widget\" data-settings=\"{&quot;_animation_mobile&quot;:&quot;fadeInDown&quot;,&quot;_transform_scale_effect_hover_mobile&quot;:{&quot;unit&quot;:&quot;px&quot;,&quot;size&quot;:1.1,&quot;sizes&quot;:[]},&quot;_transform_scale_effect_hover&quot;:{&quot;unit&quot;:&quot;px&quot;,&quot;size&quot;:&quot;&quot;,&quot;sizes&quot;:[]},&quot;_transform_scale_effect_hover_widescreen&quot;:{&quot;unit&quot;:&quot;px&quot;,&quot;size&quot;:&quot;&quot;,&quot;sizes&quot;:[]},&quot;_transform_scale_effect_hover_tablet&quot;:{&quot;unit&quot;:&quot;px&quot;,&quot;size&quot;:&quot;&quot;,&quot;sizes&quot;:[]}}\" data-widget_type=\"image.default\">\n\t\t\t\t<div class=\"elementor-widget-container\">\n\t\t\t\t\t\t\t\t\t\t\t\t\t\t<a href=\"https:\/\/pruebasindigo86.xyz\/alitec\/service\/administrativo\/\">\n\t\t\t\t\t\t\t<img loading=\"lazy\" decoding=\"async\" width=\"862\" height=\"546\" src=\"https:\/\/pruebasindigo86.xyz\/alitec\/wp-content\/uploads\/2024\/07\/A-Admin.png\" class=\"attachment-large size-large wp-image-9394\" alt=\"\" srcset=\"https:\/\/pruebasindigo86.xyz\/alitec\/wp-content\/uploads\/2024\/07\/A-Admin.png 862w, https:\/\/pruebasindigo86.xyz\/alitec\/wp-content\/uploads\/2024\/07\/A-Admin-300x190.png 300w, https:\/\/pruebasindigo86.xyz\/alitec\/wp-content\/uploads\/2024\/07\/A-Admin-768x486.png 768w\" sizes=\"(max-width: 862px) 100vw, 862px\" \/>\t\t\t\t\t\t\t\t<\/a>\n\t\t\t\t\t\t\t\t\t\t\t\t\t<\/div>\n\t\t\t\t<\/div>\n\t\t            <\/div>\r\n        <\/div>\r\n        \t\t\t<\/div>\n\t\t<\/section>\n\t\t\t\t<\/div>\n\t\t","protected":false},"excerpt":{"rendered":"<p>EL FUTURO DE LA GESTI\u00d3N DEL AGUA POTABLE EN M\u00c9XICO El ERP + Agua es una plataforma integral que centraliza y optimiza las operaciones de organismos de agua, mejorando la eficiencia, reduciendo errores, y facilitando la gesti\u00f3n remota y decisiones informadas con m\u00f3dulos interconectados y accesibilidad m\u00f3vil. \u2014 HAZ CLIC AQU\u00cd EL FUTURO DE LA [&hellip;]<\/p>\n","protected":false},"author":1,"featured_media":0,"parent":0,"menu_order":0,"comment_status":"closed","ping_status":"closed","template":"","meta":{"footnotes":""},"class_list":["post-175","page","type-page","status-publish","hentry"],"_links":{"self":[{"href":"https:\/\/pruebasindigo86.xyz\/alitec\/wp-json\/wp\/v2\/pages\/175","targetHints":{"allow":["GET"]}}],"collection":[{"href":"https:\/\/pruebasindigo86.xyz\/alitec\/wp-json\/wp\/v2\/pages"}],"about":[{"href":"https:\/\/pruebasindigo86.xyz\/alitec\/wp-json\/wp\/v2\/types\/page"}],"author":[{"embeddable":true,"href":"https:\/\/pruebasindigo86.xyz\/alitec\/wp-json\/wp\/v2\/users\/1"}],"replies":[{"embeddable":true,"href":"https:\/\/pruebasindigo86.xyz\/alitec\/wp-json\/wp\/v2\/comments?post=175"}],"version-history":[{"count":77,"href":"https:\/\/pruebasindigo86.xyz\/alitec\/wp-json\/wp\/v2\/pages\/175\/revisions"}],"predecessor-version":[{"id":10463,"href":"https:\/\/pruebasindigo86.xyz\/alitec\/wp-json\/wp\/v2\/pages\/175\/revisions\/10463"}],"wp:attachment":[{"href":"https:\/\/pruebasindigo86.xyz\/alitec\/wp-json\/wp\/v2\/media?parent=175"}],"curies":[{"name":"wp","href":"https:\/\/api.w.org\/{rel}","templated":true}]}}